he remainder when 29 is divided by s?
9
Let m = -42 - -73. Suppose 4*f = 2*f + 4. Suppose -28 = -u + 7*q - f*q, 5*u - 36 = -q. What is the remainder when m is divided by u?
7
Suppose 4*b = 55 + 65. Calculate the remainder when 32 is divided by b.
2
What is the remainder when (25191/(-60) - (-18)/(-45))*-4 is divided by 33?
31
Let a = -61 + 48. Let c(r) = r**2 + 9*r - 9. Calculate the remainder when c(a) is divided by 17.
9
Let u = 535 + -453. Let a be 3/(-5) + 159/15. Let y = 11 + a. What is the remainder when u is divided by y?
19
Suppose 0 = -5*g + 35 - 10. Suppose -2*y + 2*f + 6 = 0, g*f + 0*f - 1 = 3*y. What is the remainder when 15/2 - 4/y is divided by 3?
1
Suppose 10*q - q = 126. What is the remainder when 54 is divided by q?
12
Suppose -5*q = 5*i - 145, 41 - 114 = -3*i + 4*q. Calculate the remainder when 215 is divided by i.
26
Suppose -14*q + 5*q + 207 = 0. What is the remainder when q is divided by 13/(-1*(-3)/3)?
10
Suppose 2*h - 38 = 16. Let a = -26 - -125. Calculate the remainder when a is divided by h.
18
Let m = 7 - 3. Let x(i) = 5*i**3 + i - 1. Let w be x(1). Suppose -5*v - 30 = -w*j, 2*j + j + m*v - 53 = 0. Calculate the remainder when 41 is divided by j.
8
Suppose -120 = 13*t - 17*t. Suppose t*k = 34*k - 88. What is the remainder when 151 is divided by k?
19
Let c be (1 + 9/(-6))/((-5)/30). Suppose -d + 0*d - c*o + 26 = 0, -169 = -5*d - 2*o. What is the remainder when d is divided by 18?
17
Let x(g) = -57*g + 1571. Suppose -4*o + 51 = -69. What is the remainder when x(26) is divided by o?
29
Let s = -48 + 69. What is the remainder when 184 is divided by s?
16
Calculate the remainder when 3/12 + (-3756)/(-16) is divided by 61.
52
Suppose 0 = -3*q + 16*q - 494. What is the remainder when q is divided by 14?
10
Suppose 6*g = -2*a + g + 41, -3*a + 3*g + 72 = 0. Calculate the remainder when 249 is divided by a.
19
Let k be (-4)/(-8)*-4 - -6. Let l(b) = 14*b**2 + b - 10 + 1 - 3*b - k*b**2 + b**3. Calculate the remainder when l(-10) is divided by 6.
5
Let n = -66 - -64. Calculate the remainder when n/5 - 235/(-25) is divided by 5.
4
Suppose 12 = -m + 1. Let t(j) = 2*j**2 + 13*j - 6. Suppose 6*p = -3*h + 8*p + 70, -3*h + 75 = 3*p. What is the remainder when t(m) is divided by h?
21
Let d be (2 - 2)/(-6*(-9)/(-27)). Let f be 0 + -1 + 0 + 372. Suppose 4*r - f + 111 = d. What is the remainder when r is divided by 17?
14
Suppose -4*u + 55 - 19 = 0. What is the remainder when 80 is divided by u?
8
Let m = -2 + 7. Let n = 0 + m. Suppose 9 = n*d - 26. Calculate the remainder when 19 is divided by d.
5
Let z(m) = -m**3 + 9*m**2 + 12*m - 11. Let o(t) = 2*t + 2. Let y be o(4). Calculate the remainder when z(y) is divided by 3.
0
Suppose u - 13 = -n, 16*u - n = 18*u - 24. What is the remainder when 261 is divided by u?
8
Let g = -25 + 43. Let p = 0 + -2. Let h = p + 12. What is the remainder when g is divided by h?
8
Suppose -20 = -23*c + 25*c. Let p be c/16 + 6/(-16). Let a(j) = -4*j + 1. What is the remainder when 19 is divided by a(p)?
4
What is the remainder when ((30/12)/(-5))/(4/(-656)) is divided by 15?
7
Let n(f) = -f**3 - f**2 - 4*f + 4. Calculate the remainder when 365 is divided by n(-3).
25
Let f(o) = 40*o + 1. Let t be ((-3)/2)/((-3)/6). Let q = 14 - t. Calculate the remainder when f(1) is divided by q.
8
Suppose -v + 4*i + 534 = 0, -5*v + 5*i = 6*i - 2670. Calculate the remainder when v is divided by 67.
65
Let i(y) = y - 1. Let v(m) = 4*m + 2. Let c(h) = h + 4. Let j be c(-6). Let s(x) = j*v(x) + 10*i(x). Calculate the remainder when 13 is divided by s(11).
5
Let h = -26 - -115. What is the remainder when h is divided by 7?
5
Suppose 74*a + 3278 = 5*t + 71*a, -a = -5*t + 3286. Calculate the remainder when t is divided by 12.
10
Suppose 18*j + 289 = 847. Let b = 8 - -1. Calculate the remainder when j is divided by b.
4
Let l(m) = 7*m**2 + 12*m + 3. Let p(s) = -13*s**2 - 23*s - 6. Let o(w) = -11*l(w) - 6*p(w). Calculate the remainder when o(-9) is divided by (-3)/((-2)/(48/9)).
6
Let v(z) = -2*z**3 + 16*z**2 - 13*z + 1. What is the remainder when 181 is divided by v(6)?
47
Let g = -4 + 10. Calculate the remainder when 62 is divided by (0 + 21/g)*2.
6
Let q(r) = 2*r**3 + r**2 - 2*r + 1. Let h be q(1). Let o(v) = 2*v**3 + 3 - 11*v + 4*v**2 + 6*v**h - v**3. What is the remainder when 7 is divided by o(-11)?
1
Suppose 4*w = -5*d + 13 + 30, 0 = -2*d - 10. Suppose -w*h - 2*h = -361. What is the remainder when 50 is divided by h?
12
Suppose 5*r + 56 + 34 = 0. Let h = r - -38. What is the remainder when 159 is divided by h?
19
Let m(q) = q**2 - 2*q + 31. Let g be m(0). Suppose g*o + 316 = 33*o. Let a = o - 91. Calculate the remainder when a is divided by 17.
16
Let d = -216 - -388. Suppose -5*f - 180 = -5*i, 0*f + d = 5*i - 3*f. Suppose 0 = 2*m + 4*m - 558. Calculate the remainder when m is divided by i.
29
Suppose 0 = -5*n - 56 + 61. Calculate the remainder when 23 is divided by (n/(-2))/(210/(-52) - -4).
10
Suppose -29*x - 264 = -27*x. Let y = -15 - x. Calculate the remainder when y is divided by 7.
5
Let o be 88/(-6)*(-54)/36. Suppose -o = -4*j + 2*d, -6 = -j + 2*d - 8. What is the remainder when -1 - -30 - (0 + 1) is divided by j?
4
Let j(h) = h**3 - 37*h**2 - 77*h + 47. What is the remainder when 96 is divided by j(39)?
10
Let a = -19 + -27. Let h = a + 70. Calculate the remainder when h is divided by 9.
6
Let i(m) = m + 1. Let v be (-34)/((-14)/(-3) + -4). Let z = v - -52. Calculate the remainder when i(0) is divided by z.
0
Let a be 4/6 - (-4291)/21. Let u = a - 146. Calculate the remainder when u is divided by -2 + 1/(2/34).
14
Suppose 0 = 30*c - 47*c + 2635. What is the remainder when c is divided by 28?
15
Let j be -1 + 7 + 1 + -3. Suppose j*z + 103 = 119. Calculate the remainder when 7 is divided by z.
3
Suppose -4*r + 88 = -3*f, -2*r - 4*f - 23 = -67. Suppose -q + 14 = -r. Calculate the remainder when q is divided by 10.
6
Suppose 0 = -2*n + 91 - 77. What is the remainder when 264 is divided by n?
5
Let j(s) = s**3 - 6*s**2 - 8*s - 6. Let b be j(7). Let g = b + 51. Calculate the remainder when g is divided by 13.
12
Let d(c) = -3*c**2 - 25*c + 31. What is the remainder when 175 is divided by d(-6)?
29
What is the remainder when (-1)/9 + (-18390)/(-270) is divided by 25?
18
Let b be 24/18 + -2*(-278)/(-12). What is the remainder when (-27)/b + (-127)/(-5) is divided by 10?
6
Let v = 549 + -542. Calculate the remainder when (-18)/(-21)*(1 - -20) is divided by v.
4
Let t = 210 + -6. Suppose -5*o + 236 = -0*p - 4*p, t = 5*o + 4*p. Calculate the remainder when o is divided by 16.
12
Let r = 95 - 45. Calculate the remainder when 337 - 40 - (5 - 7) is divided by r.
49
Let y(g) = g**3 - 11*g**2 + 9*g + 17. Let c(l) = -l**2 + 8*l - 2. Let s be c(6). What is the remainder when 22 is divided by y(s)?
1
Suppose -4*m + 115 = 3*h, -6*m + 170 = 4*h - 4*m. What is the remainder when 132 is divided by h?
42
Let t(w) = 2345*w**3 - 7*w**2 - 2*w + 3. Calculate the remainder when t(1) is divided by 9.
8
Let i(q) = 2*q + 6. Let h be i(-4). Let x = h + 33. What is the remainder when x is divided by 3?
1
Suppose -4*n = -3*n - 16. Calculate the remainder when n is divided by ((-27)/15)/((-3)/15).
7
Suppose -a + 0*a = 2*q - 20, -a - 3*q + 25 = 0. Suppose 82 = 4*y + a. Calculate the remainder when 29 is divided by y.
11
Calculate the remainder when 290/50 - 2/(-10) is divided by 3.
0
Suppose 16*c - 5 = 15*c. Suppose -3*n - n = 12, c*l - 4*n - 92 = 0. Suppose -17*u + l*u = -25. Calculate the remainder when u is divided by 13.
12
Let i(g) = 2*g**2 - g + 1. Suppose 0 = -3*n + 5*y + 56, 69 = -0*n + 2*n + 3*y. What is the remainder when 6/12 - n/(-6) is divided by i(1)?
1
What is the remainder when 409 is divided by 12 + (1 - (2 - 11))?
13
Suppose -24*i + 29*i - f = 306, 3*f = 12. Calculate the remainder when 244 is divided by i.
58
Let i(a) = 2*a - 23. Let q be i(10). What is the remainder when q + -2*(-134)/4 is divided by 13?
12
Suppose 519*l - 527*l = -328. What is the remainder when 158 is divided by l?
35
Calculate the remainder when 206 is divided by (8 + -5)*(4 + (-228)/(-9)).
30
Let x(k) = 57*k - 2. Let l be x(1). Let a = l + -91. What is the remainder when 8/a + (-4330)/(-45) is divided by 25?
21
Suppose -5*k - 19 = -4*d, k = -0*k + 1. Let m be